 23 - 9. Let k = 857 - 554. Suppose k = 3*w + 3*g, -4*w - 3*g = -572 + 171. Calculate the greatest common divisor of w and c.
14
Let s = -35 + 21. Let v be 2/(-6)*0 + s. Let r = v + 24. Calculate the highest common factor of 30 and r.
10
Let t = 18 - 9. Calculate the highest common factor of 3 and t.
3
Let n = 6 - 3. Let r(q) = -q**2 - 7*q - 1. Let k be r(-6). Suppose -k*t = -3*b - 135, -3*t + b = -b - 80. Calculate the greatest common divisor of t and n.
3
Suppose -4*i + 39 = -0*l - 3*l, 6 = 2*l. Suppose -16*u + i*u + 384 = 0. Calculate the highest common factor of 12 and u.
12
Let o be (-2)/10 - 492/(-60). Calculate the greatest common divisor of 4 and o.
4
Suppose l - x = -6*x + 2, 15 = -3*x. Calculate the highest common divisor of l and 135.
27
Let l(x) = -x**3 - 4*x**2 - 3*x + 15. Let j be l(-5). Calculate the highest common factor of 11 and j.
11
Suppose 0*n + n - 5*f = -14, 4*n - f - 39 = 0. Calculate the highest common factor of n and 77.
11
Let f = 127 - 23. Let m = 6 - 2. Suppose 4*t = -2*j + 3*t + 23, m*j - t = 55. What is the greatest common divisor of j and f?
13
Let g be (-5)/(-10)*(-3 + 0 + 57). Calculate the highest common divisor of g and 72.
9
Suppose b - k + 10 = 2*b, 2*k = 2*b - 16. Calculate the highest common divisor of 1 and b.
1
Let i(d) = 2*d**2 - 8*d + 11. Let j be i(8). Let o be (0/(-2) - -2) + 3. Suppose -o*k + 10 + j = 0. What is the highest common factor of 187 and k?
17
Let s = -24 + 24. Suppose 4*h - 176 - 524 = s. Calculate the greatest common divisor of h and 25.
25
Let r(b) = -b - 1. Let g be r(-3). Suppose 4*o - n = 3*o + 3, 6 = g*o - 5*n. Suppose 0 = 3*y - 0 - o. Calculate the greatest common factor of y and 3.
1
Let z be (-1 - 0)*1*-6. Suppose -3*v - 30 = -z*v. Suppose 4 + 6 = 5*y. Calculate the greatest common factor of y and v.
2
Let m(w) = -w**2 - 10*w + 2. Let o be m(-9). Calculate the greatest common divisor of 66 and o.
11
Let b be 1 - 5/(20/(-76)). Calculate the greatest common divisor of b and 4.
4
Let u = -15 + 48. Calculate the greatest common divisor of u and 66.
33
Let l(s) = 5*s**2 + s - 3. Let q be (1/(-2))/((-1)/6). Let a be l(q). Calculate the highest common divisor of a and 9.
9
Suppose 6*o = 5*o. Suppose -5*r + r - 8 = o, q + 4*r = -2. Calculate the highest common factor of 2 and q.
2
Let x = -17 - -23. What is the highest common factor of 6 and x?
6
Let p = 5 + 1. Let w(o) = -6*o**2 - 7*o - 5. Let i(y) = y**2 + y + 1. Let z(c) = -5*i(c) - w(c). Let f be z(-6). What is the greatest common factor of p and f?
6
Let q = -293 + 683. Let t = 707 - q. Suppose -3*k + t - 122 = 0. What is the greatest common divisor of 13 and k?
13
Suppose 2*k - 6 = 0, 5*k - 159 = -3*p - 0*p. Calculate the highest common divisor of 144 and p.
48
Let f = 0 - -5. Let z(n) = -n**2 + 9*n - 8. Let g be z(f). What is the highest common divisor of 6 and g?
6
Let q be 3*(34/6)/1. Let a = 99 - 82. What is the greatest common factor of a and q?
17
Let m = 53 + -28. What is the highest common divisor of 10 and m?
5
Suppose 0*b = -f + 3*b + 12, 2*f - 3 = -b. Suppose f*c + 0*c = 294. What is the highest common divisor of c and 14?
14
Suppose 228 = 2*t + 3*b, -2*t + 5*b + 545 = 3*t. Calculate the highest common divisor of 37 and t.
37
Let j be ((-9)/(-3))/(23/(-13) - -2). What is the highest common divisor of 234 and j?
13
Let s be -2 + -2 + 4 - -17. Suppose -j + s = -23. Suppose 4*c = 5*c - 16. What is the highest common factor of c and j?
8
Let y(m) be the second derivative of m**3/6 - m**2 + m. Let g be y(3). Let p be ((-12)/(-3) + -2)*g. What is the greatest common divisor of p and 22?
2
Suppose -7*q = 152 - 404. What is the highest common divisor of q and 4?
4
Suppose 36 = 5*l - 2*l. Let g(r) = r**3 - 7*r**2 + r - 7. Let a be g(7). Suppose -3*p + 7*p - 48 = a. Calculate the highest common divisor of p and l.
12
Let u(f) = f**3 - 7*f**2 - f + 4. Let j be u(7). Let y be -8*j/(-2)*-6. What is the highest common divisor of y and 9?
9
Let u(l) = l**3 - 4*l**2 + 4*l - 3. Let i be u(4). Suppose 0 = -9*o + 8*o - 21. Let f = o + 138. What is the highest common factor of f and i?
13
Suppose o = 3*o. Suppose o = 2*l + l - 66. Calculate the highest common factor of l and 55.
11
Let u(b) = b**2 - 11*b + 6. Let y = -18 + 29. Let g be u(y). Suppose q - g*q = -130. Calculate the highest common factor of 65 and q.
13
Let a = -98 - -158. What is the greatest common divisor of a and 15?
15
Suppose -13*m = -17*m + 12. Suppose 21 = m*a + 6, -2*a = 5*d - 570. Let p = -1 + 15. What is the highest common factor of d and p?
14
Let i = 45 + 25. Let l be 28/3 - 2/(-3). What is the highest common factor of l and i?
10
Suppose 5*x = 3*a + 2*a - 1335, 537 = 2*a - x. Calculate the highest common factor of a and 30.
30
Let y(t) = t**3 - 8*t**2 - 5*t + 4. Let a be y(9). Let o = a - 2. Calculate the highest common factor of o and 19.
19
Let v be -5*(-2)/(-1*2). Let g be (v/(-15))/(2/(-6)). Let z be -1 + g + 25*2. What is the greatest common divisor of 32 and z?
16
Let l = 9 - 4. Suppose -4*t + 16 = 2*p, -l*t = -4*p - 32 - 1. Suppose 4*n - 199 = -t*i + 157, 70 = i + 2*n. Calculate the highest common factor of i and 9.
9
Let f(y) = y**3 + 2*y**2 - y + 5. Let w be f(5). Calculate the greatest common factor of 25 and w.
25
Let h be (-1)/1*(-96)/8. Let y(s) = -s**3 - 4*s**2 + 8*s + 6 + 2*s**3 - 2*s**3. Let m be y(-6). What is the highest common factor of h and m?
6
Let m(w) = -w + 12. Let f be m(7). Suppose 5*x - f*k - 468 = -k, k = -5*x + 483. Calculate the greatest common factor of 12 and x.
12
Let u(i) = i**3 - 7*i**2 - 5*i + 10. Let f be u(8). Let q be (9/(-6) - -1)*-102. What is the highest common divisor of f and q?
17
Suppose 3*r - 3*q + q - 9 = 0, -q = -3. Let y(j) = j**2 + 2*j - 3. Let f be y(-4). Suppose -f = -c + r. What is the highest common divisor of c and 30?
10
Let b(o) = -o**2 + 15*o + 22. Let x be b(16). What is the highest common factor of 24 and x?
6
Let h(p) = 37*p**2 - 2*p + 1. Let d be ((-12)/16)/(2/8). Let t = 4 + d. Let n be h(t). What is the highest common factor of 9 and n?
9
Let j = 43 + 41. What is the highest common divisor of j and 21?
21
Let i = 18 - 5. Calculate the greatest common factor of i and 143.
13
Let j(c) = -c**2 - 7*c - 4. Let l(o) = -o**2 - o. Let k be l(2). Let g be j(k). Suppose 0*h = g*h - 8. Calculate the greatest common divisor of 36 and h.
4
Let h(s) = -s**2 + 4*s. Suppose 2*y - 2*n + 0 = 2, -2*n + 10 = 2*y. Let x be h(y). Suppose 0*z - 27 = -x*z. What is the greatest common factor of z and 18?
9
Suppose -3*d + 820 = 4*c + 203, 0 = -5*d - 5. Let y = c + 27. Let t = y + -83. Calculate the highest common factor of 11 and t.
11
Let n(r) = -21*r**3 + 2*r**2 + r. Let h be n(-1). Let y be (-2)/1*(-3)/(-6). Let p = h + y. What is the highest common factor of p and 7?
7
Let d = 76 - 44. Calculate the greatest common factor of 32 and d.
32
Let x(j) = -5*j + 4. Let n be x(-3). Suppose -t - 6 = 2*o + 5, 5*t - 2*o + n = 0. Let i = t - -6. Calculate the highest common divisor of i and 1.
1
Let i(p) = 638*p**2 - 1. Let r be i(-1). Let u be r/3 + 2/3. Suppose m = -42 + u. Calculate the greatest common divisor of m and 19.
19
Suppose 2*i + 29 = i. Suppose -3*c = 36 + 27. Let z = c - i. Calculate the greatest common divisor of 56 and z.
8
Suppose 3*c - 6 = 2*w - 5*w, 14 = w - 5*c. Calculate the highest common factor of 10 and w.
2
Let f = 57 - 49. Calculate the greatest common divisor of f and 16.
8
Suppose 0 = -l - d - 0*d + 48, 3*l + 2*d = 144. Let a(z) = -13 + 3 - 2*z + 8. Let y be a(-13). Calculate the highest common divisor of l and y.
24
Suppose 70 = 3*j - 4*l - l, 0 = 5*l - 5. What is the highest common factor of j and 5?
5
Let m(o) = -o**2 + 3. Let i(v) = v. Let d(b) = -2*i(b) - m(b). Let g be d(-7). Calculate the greatest common divisor of 10 and g.
10
Let u be (-96)/(-3) - (-3 - -2). What is the highest common divisor of u and 22?
11
Suppose -4*c + 2*c - 6 = 0. Let g be (6 + -87)*3/9*-1. Let k be (g/3)/c + 19. Calculate the greatest common divisor of 144 and k.
16
Let a(w) = 2*w - 3. Let y be a(6). Let o be 25/(-10)*(-198)/5. What is the highest common divisor of y and o?
9
Let u(v) = 19*v + 2. Let d be u(1). Let k = 1 + 4. Suppose 3*c - 4*c + 17 = k*b, 37 = 5*c + b. What is the greatest common factor of d and c?